a - 2*z, -2*a + 3*z + 15 = 0. Calculate the remainder when p is divided by a.
4
Suppose -c + 128 = -0*c - 3*n, -501 = -4*c + n. What is the remainder when c is divided by 16?
13
Calculate the remainder when (15/(-9))/5*-54 is divided by 5.
3
Suppose 4*w - 148 = -28. What is the remainder when 57 is divided by w?
27
Suppose c - 5 = -5*g - 28, -2*c - 4*g - 28 = 0. Calculate the remainder when -2 - (-15)/(-6)*c is divided by 10.
8
Suppose 6*d = 3*d + 180. What is the remainder when d is divided by 21?
18
Let u be 12/28*-6*-28. Let d = -33 + u. What is the remainder when d is divided by 20?
19
Suppose 0 = -5*d + 2*q - 31, -2*q - 1 = 5*d + 38. Let n = d + 12. Calculate the remainder when 7 is divided by n.
2
Let v(a) = -a**3 - 2*a**2 + a + 3. Calculate the remainder when 16 is divided by v(-3).
7
Suppose 0 = -n + 2*n + 1, -u + 1 = n. Let o be (2 + (-1)/u)*4. Suppose -a = x - o, 9 = 2*x - 3*a + 4*a. Calculate the remainder when 5 is divided by x.
2
Let v(c) = 16*c**3 + 2*c - 1. Let s be -1 - -2 - (-2)/2. Calculate the remainder when v(1) is divided by 4*s/8*9.
8
Suppose -5*o + 4 = -6. Let y be (-2 - -4)/(-1*o). What is the remainder when 31 is divided by (32/(-6))/(y/3)?
15
Let y(m) = m**2 - 9*m + 3. Let t be y(6). Let i = 26 + t. Calculate the remainder when i is divided by 6.
5
Let k = 4 - 2. Let v(i) = 3*i - 4*i**2 - 7 + 6*i**k + 4*i. Calculate the remainder when v(-6) is divided by 12.
11
Let n(g) = g**2 + 8*g + 11. Let s(c) = c**3 - c**2 - c + 2. Let d be s(-2). Calculate the remainder when n(d) is divided by 4.
3
Suppose 2*l = 6*l - 12. What is the remainder when 41 is divided by -3 + 27 - 6/l?
19
Let t be 5/(-15) + 79/3. Suppose -t = -n - 4*g, 0 = -8*n + 3*n - g + 111. Calculate the remainder when 65 is divided by n.
21
Suppose -v + 2*m - 5 + 42 = 0, 5*v + 5*m = 200. What is the remainder when v is divided by 10?
9
Suppose -4*s = -21 - 99. What is the remainder when s is divided by 8?
6
Suppose 0 = 2*r - k - 202, -3*r - 6*k + 292 = -2*k. What is the remainder when r is divided by 34?
32
Suppose -5*q + 3*g + 118 = 0, -2*g = q - 0*g - 34. Let s = -11 + q. Calculate the remainder when 29 is divided by s.
14
Let p = 16 + -13. What is the remainder when 9 is divided by p?
0
Suppose -192 = -5*m + c, -2*c - 194 = m - 6*m. What is the remainder when m is divided by 13?
12
Let l(m) = -m**2 + 16*m - 29. What is the remainder when 88 is divided by l(10)?
26
Suppose 0 = -0*c + c + 3. Let x = 12 + c. What is the remainder when 33 is divided by x?
6
Let l be (-21)/(-126) - (-46)/12. Suppose l*g + 3*x = 28, 14 = 2*g + 2*x - x. What is the remainder when g is divided by 2?
1
Let v(j) = 31*j - 1. What is the remainder when v(2) is divided by 13?
9
Suppose 0 = n + 6. Let y = -4 - n. What is the remainder when 4 is divided by y?
0
Let t(m) = -6*m**3 + 2*m**2 + m. Suppose -7 = -0*f - 3*f + 2*w, -w = 2*f + 7. Suppose -2*g = -4 - 6. Calculate the remainder when t(f) is divided by g.
2
Suppose -2*b = -14 + 4. Suppose 0 = 4*i - b*i + 16. What is the remainder when i is divided by 6?
4
Let z = 167 - 90. Calculate the remainder when z is divided by 13.
12
Let m = 3 - 2. Calculate the remainder when 34 is divided by -1*m*(5 - 23).
16
Let d(r) = 2*r**2 + 4*r - 8. Calculate the remainder when 78 is divided by d(4).
38
Let r(c) = -c**3 + 5*c**2 + c + 2. Let g be r(3). Let u = 11 + g. What is the remainder when u is divided by (-4)/(-30) + (-890)/(-75)?
10
Suppose 2*q = 11 + 1. What is the remainder when ((-648)/90)/(12/(-45)) is divided by q?
3
Suppose 2*j + 3*w = 119, -3*j = -0*j + 5*w - 176. Calculate the remainder when j is divided by 14.
11
Suppose -4*o = -5*f + 132, 3*f - 3*o = -2*f + 134. Calculate the remainder when 53 is divided by f.
25
Let d = 11 + -2. Suppose 5*h - d = 6. Calculate the remainder when h is divided by 1.
0
Suppose 58 = 5*j - 2*z, 0*j - 5*j - z + 46 = 0. Calculate the remainder when 38 is divided by j.
8
Let m be 1 - (-1)/4*-4. Suppose 3*l + 2*l - 100 = m. Calculate the remainder when 77 is divided by l.
17
Let n = 56 - 31. Suppose 16 - 6 = 5*o. Suppose 0 = o*a + 2*c - 4*c - 30, 2*c = -4*a + 48. What is the remainder when n is divided by a?
12
Suppose 2*h + j + 30 = 154, 4*j = 16. Let a be (-2)/2*-4 + 0. Suppose -w = a*w - h. What is the remainder when w is divided by 7?
5
Let w(y) = 3*y**2 + 2*y - 1. Let a be w(-2). Let g = -7 + a. Suppose 2*z + l - 23 = g, -8*l - 38 = -5*z - 4*l. Calculate the remainder when 27 is divided by z.
7
Let r = -54 - -77. Calculate the remainder when r is divided by 20.
3
Suppose -42 = -h - 2*h. What is the remainder when 39 is divided by h?
11
Let a = 3 - -1. Let j be 6/a*16/6. Suppose -o + 32 = -j. Calculate the remainder when o is divided by 19.
17
Let h(k) = 11*k**2 + 3*k - 2. Let a be h(3). Let t = 217 - a. Let f = t + -35. What is the remainder when f is divided by 26?
24
Suppose 5*t - 4*w = 52, -4*t + w = -3*t - 10. Let g(a) = -a**2 - 5*a + 7. What is the remainder when t is divided by g(-5)?
5
Let v be (-40)/(-25) - 4/(-10). Let x(c) = 17*c - 1. Calculate the remainder when x(v) is divided by 9.
6
Suppose 4*z + 3*d = -6 + 3, 0 = 5*d + 25. Suppose -5*w - 2*x + 168 = 0, x - 174 = -5*w + 5*x. What is the remainder when z is divided by (-8)/20 - w/(-10)?
0
Let y be (8/10)/(10/(-25)). What is the remainder when -3 - -16 - y - -4 is divided by 7?
5
Let d(y) = y - 2. Suppose -3*k - 34 = -5*w, -4*k + 11 - 53 = -5*w. Let n = 13 + k. Calculate the remainder when n is divided by d(4).
1
Let w(i) = i**3 - 3*i**2 + 6*i - 8. Calculate the remainder when 39 is divided by w(3).
9
Suppose -5*f - 3*g - 73 = 0, -2*g + 4*g = -f - 16. Let m = f + 28. What is the remainder when 39 is divided by m?
11
Let d(u) = u + 1. Let y = 2 - -3. Let i be d(y). Calculate the remainder when 196/i + (-4)/6 is divided by 17.
15
Let x = 45 + -19. Let y(v) = v**3 - 3*v**2 + 2*v + 3. Calculate the remainder when x is divided by y(3).
8
Let x = 12 + -8. What is the remainder when 2/4 - (-282)/x is divided by 24?
23
Let r(t) = -t**2 - 10*t + 3. Let a be r(-10). Suppose -z + 2 + a = 0. Let i = z - -2. What is the remainder when i is divided by 3?
1
Suppose 5*a = 4*a + 19. Calculate the remainder when 74 is divided by a.
17
Let m(o) = o**3 + 6*o**2 - o + 3. Calculate the remainder when 32 is divided by m(-6).
5
Let h(t) = t**3 + 5*t**2 + 5*t + 6. Let z(k) = k - 1. Let i be z(-4). Let r = i - -9. Calculate the remainder when r is divided by h(-4).
0
Let u(w) = 34*w**2 + 3*w + 3. Let l = -6 - -18. What is the remainder when u(-1) is divided by l?
10
Let d(v) = -v**2 + 9*v. Suppose 3*a + 6 = 2*l, -6*l + 4*l + 5*a = -2. Calculate the remainder when 69 is divided by d(l).
15
Suppose -5*v + 191 = 1. What is the remainder when v is divided by 20?
18
Suppose 2*p + 25 = 7*p. Suppose 6 = -p*c + 76. Suppose -3*j + 36 = -42. What is the remainder when j is divided by c?
12
Suppose -3*t - 12 = 0, 5*t - 14 = -2*d - 44. Let y = -4 - d. Suppose 4 = o + o. Calculate the remainder when o is divided by y.
0
Calculate the remainder when 45 is divided by (-230)/15*9/(-6).
22
Let x(w) = -2*w**3 - 5*w**2 - 3*w + 2. Let z be x(-3). Let l = z - 33. Let a = l - -56. Calculate the remainder when a is divided by 22.
21
Suppose 2*w - 19 - 3 = 0. What is the remainder when 41 is divided by w?
8
Suppose 0*g = -g + 15. Let n = -290 + 296. What is the remainder when g is divided by n?
3
Suppose 4*k + 2 = -2. Let a = 4 + k. Let l = -2 + a. Calculate the remainder when 1 is divided by l.
0
Suppose -2*r + 12 = -r. Let w = r - -1. What is the remainder when w is divided by 5?
3
Suppose 22*w = 18*w + 8. Calculate the remainder when 4 is divided by w.
0
Suppose v = 6*v - 95. Calculate the remainder when (-5 + -5)*(-11)/2 is divided by v.
17
Let s = 26 - 1. Let x(j) = 4*j - 2. Calculate the remainder when s is divided by x(4).
11
Calculate the remainder when (-135)/(-30)*176/6 is divided by 27.
24
Let u(x) = -x + 2. Let y be u(1). Let s(r) = 4*r**2 - r + 1. Let d = 10 - 8. Calculate the remainder when s(y) is divided by d.
0
Let m(o) = o**2 + 6*o + 9. Let f(d) = 71*d - 3. Let b be f(3). Suppose -5*n - 85 = -b. Calculate the remainder when n is divided by m(-6).
7
Let l(b) = -b + 13. Let y be (-2)/((-2)/2) - -7. What is the remainder when 7 is divided by l(y)?
3
Suppose 3*t + 0*t = 126. Let